{"id":1838,"date":"2024-12-25T18:37:28","date_gmt":"2024-12-25T22:37:28","guid":{"rendered":"https:\/\/qgmedizin.cl\/?post_type=product&#038;p=1838"},"modified":"2026-04-11T14:17:30","modified_gmt":"2026-04-11T18:17:30","slug":"aposito-alginato-de-calcio-con-plata-10x10","status":"publish","type":"product","link":"https:\/\/qgmedizin.cl\/?product=aposito-alginato-de-calcio-con-plata-10x10","title":{"rendered":"Ap\u00f3sito Alginato de Calcio con plata 10&#215;10 ( Caja 5 unidades )"},"content":{"rendered":"<div class=\"elementor-element elementor-element-db57bc8 elementor-widget elementor-widget-heading\" data-id=\"db57bc8\" data-element_type=\"widget\" data-widget_type=\"heading.default\">\n<p><strong>APOSITO ALGINATO DE CALCIO CON PLATA 10 x 10 cm\u00a0<\/strong><\/p>\n<p><strong>Presentaci\u00f3n y Medida<\/strong><strong>\u00a0<\/strong><\/p>\n<ul>\n<li>En envase esterilizado<\/li>\n<li>Envueltos en papel grado m\u00e9dico<\/li>\n<\/ul>\n<p><strong>C<\/strong><strong>\u00f3<\/strong><strong>mo Act\u00faan:<\/strong><\/p>\n<ul>\n<li>Una reacci\u00f3n entre el calcio en el ap\u00f3sito y el sodio en la herida resulta en un cambio i\u00f3nico qu\u00edmico, el cual da una sustancia gel como resultado.<\/li>\n<li>El gel cubre y se adapta a la herida aportando un ambiente suave y h\u00famedo ideal para la cicatrizaci\u00f3n<\/li>\n<li>Facilita la cicatrizaci\u00f3n y la formaci\u00f3n del tejido de granulaci\u00f3n, el calcio y la plata presente en el producto se intercambia con el sodio de la sangre para favorecer los procesos de gelificacion y absorci\u00f3n. Los iones de calcio se transfieren a la herida: el calcio es esencial para que se produzca la coagulaci\u00f3n lo que garantiza que cese la hemorragia. Posee efecto antimicrobiano contra una gran variedad de bacterias gramnegativas , Al entrar en\u00a0 contacto con la sangre y el exudado, y los iones de plata se activan\u00a0 para eliminar las bacterias.<\/li>\n<\/ul>\n<p><strong>Ca<\/strong><strong>r<\/strong><strong>a<\/strong><strong>c<\/strong><strong>ter\u00edsticas: <\/strong><\/p>\n<p>Contenido de Calcio: Ayuda en la hemostasia.<\/p>\n<ul>\n<li>Provee ambiente h\u00famedo para la cicatrizaci\u00f3n de la herida.<\/li>\n<li>Se adapta a los contornos.<\/li>\n<li>Absorbe hasta 20 veces su peso en exudado.<\/li>\n<li>No es oclusivo.<\/li>\n<li>Se aplica y retira con facilidad (sin dolor).<\/li>\n<li>Reduce la maceraci\u00f3n del tejido sano.<\/li>\n<\/ul>\n<p><strong>I<\/strong><strong>nd<\/strong><strong>ic<\/strong><strong>a<\/strong><strong>ci<\/strong><strong>one<\/strong><strong>s<\/strong><strong>:<\/strong><\/p>\n<ul>\n<li>Ulceras venosas o arteriales.<\/li>\n<li>Ulceras diab\u00e9ticas.<\/li>\n<li>Quemaduras con exudado moderado a abundante y\/o infectadas.<\/li>\n<li>Heridas traum\u00e1ticas.<\/li>\n<li>Zona dadora injerto.<\/li>\n<li>Abrasiones, laceraciones.<\/li>\n<li>Heridas con sangramiento moderado en napa.<\/li>\n<\/ul>\n<p>&nbsp;<\/p>\n<p>Certificaci\u00f3n:\u00a0 ISO 13485 &#8211; CE<\/p>\n<\/div>\n<div class=\"elementor-element elementor-element-1a54b12 elementor-widget elementor-widget-text-editor\" data-id=\"1a54b12\" data-element_type=\"widget\" data-widget_type=\"text-editor.default\">\n<div class=\"elementor-widget-container\">\n<div class=\"elementor-text-editor elementor-clearfix\">\n<div class=\"elementor-element elementor-element-5205042 elementor-widget elementor-widget-text-editor\" data-id=\"5205042\" data-element_type=\"widget\" data-widget_type=\"text-editor.default\">\n<div class=\"elementor-widget-container\">\n<div class=\"elementor-text-editor elementor-clearfix\">\n<div class=\"elementor-element elementor-element-f5ef6b3 elementor-widget elementor-widget-text-editor\" data-id=\"f5ef6b3\" data-element_type=\"widget\" data-widget_type=\"text-editor.default\">\n<div class=\"elementor-widget-container\">\n<div class=\"elementor-text-editor elementor-clearfix\">\n<p>&nbsp;<\/p>\n<\/div>\n<\/div>\n<\/div>\n<\/div>\n<\/div>\n<\/div>\n<\/div>\n<\/div>\n<\/div>\n<div id=\"gtx-trans\" style=\"position: absolute; left: -2px; top: 1008.5px;\">\n<div class=\"gtx-trans-icon\"><\/div>\n<\/div>\n","protected":false},"excerpt":{"rendered":"<p>APOSITO ALGINATO DE CALCIO CON PLATA 10 x 10 cm\u00a0 Presentaci\u00f3n y Medida\u00a0 En envase esterilizado Envueltos en papel grado m\u00e9dico C\u00f3mo Act\u00faan: Una reacci\u00f3n entre el calcio en el ap\u00f3sito y el sodio en la herida resulta en un cambio i\u00f3nico qu\u00edmico, el cual da una sustancia gel como resultado. El gel cubre y [&hellip;]<\/p>\n","protected":false},"featured_media":1619,"template":"","meta":[],"product_brand":[],"product_cat":[28],"product_tag":[],"class_list":{"0":"post-1838","1":"product","2":"type-product","3":"status-publish","4":"has-post-thumbnail","6":"product_cat-apositos-de-alginato-y-plata","8":"first","9":"instock","10":"shipping-taxable","11":"purchasable","12":"product-type-simple"},"_links":{"self":[{"href":"https:\/\/qgmedizin.cl\/index.php?rest_route=\/wp\/v2\/product\/1838","targetHints":{"allow":["GET"]}}],"collection":[{"href":"https:\/\/qgmedizin.cl\/index.php?rest_route=\/wp\/v2\/product"}],"about":[{"href":"https:\/\/qgmedizin.cl\/index.php?rest_route=\/wp\/v2\/types\/product"}],"version-history":[{"count":4,"href":"https:\/\/qgmedizin.cl\/index.php?rest_route=\/wp\/v2\/product\/1838\/revisions"}],"predecessor-version":[{"id":1986,"href":"https:\/\/qgmedizin.cl\/index.php?rest_route=\/wp\/v2\/product\/1838\/revisions\/1986"}],"wp:featuredmedia":[{"embeddable":true,"href":"https:\/\/qgmedizin.cl\/index.php?rest_route=\/wp\/v2\/media\/1619"}],"wp:attachment":[{"href":"https:\/\/qgmedizin.cl\/index.php?rest_route=%2Fwp%2Fv2%2Fmedia&parent=1838"}],"wp:term":[{"taxonomy":"product_brand","embeddable":true,"href":"https:\/\/qgmedizin.cl\/index.php?rest_route=%2Fwp%2Fv2%2Fproduct_brand&post=1838"},{"taxonomy":"product_cat","embeddable":true,"href":"https:\/\/qgmedizin.cl\/index.php?rest_route=%2Fwp%2Fv2%2Fproduct_cat&post=1838"},{"taxonomy":"product_tag","embeddable":true,"href":"https:\/\/qgmedizin.cl\/index.php?rest_route=%2Fwp%2Fv2%2Fproduct_tag&post=1838"}],"curies":[{"name":"wp","href":"https:\/\/api.w.org\/{rel}","templated":true}]}}