{"id":1039,"date":"2022-02-06T11:32:21","date_gmt":"2022-02-06T15:32:21","guid":{"rendered":"https:\/\/qgmedizin.cl\/?post_type=product&#038;p=1039"},"modified":"2026-04-11T20:47:45","modified_gmt":"2026-04-12T00:47:45","slug":"aposito-tull-de-miel-5-x-5-esteril-embebido-en-miel-de-manuka-pack-5-unidades","status":"publish","type":"product","link":"https:\/\/qgmedizin.cl\/?product=aposito-tull-de-miel-5-x-5-esteril-embebido-en-miel-de-manuka-pack-5-unidades","title":{"rendered":"Ap\u00f3sito Tull de miel 5 X 5 est\u00e9ril, embebido en miel de Manuka"},"content":{"rendered":"<p><strong>Descripci\u00f3n:<\/strong><\/p>\n<p>Tull de gasa impregnado con miel de Manuka, miel de grado m\u00e9dico 100% de Leptospermum (Miel de un \u00e1rbol de Nueva Zelanda) para tratar infecciones y nutrir heridas, promoviendo el crecimiento de tejido granulatorio, act\u00faa como hiperosm\u00f3tico. El ap\u00f3sito Honey Gauze es un ap\u00f3sito primario que entrega una forma f\u00e1cil de aplicar miel de grado m\u00e9dico, proporcion\u00e1ndole todos los beneficios de esta miel aporta al cuerpo humano calcio, cobre, hierro, magnesio, manganeso, f\u00f3sforo, potasio, sodio y zinc. Pero eso no es todo, la miel de manuka contiene per\u00f3xido de hidr\u00f3geno y methylglyoxal (MGO), que hace que sea un potente antibacteriano, antis\u00e9ptico y antiinflamatorio.<\/p>\n<hr \/>\n<p><strong>Usos he indicaciones:<\/strong><\/p>\n<ul>\n<li>heridas de espesor parcial y total, quemaduras de primer y segundo grado, abrasiones menores y laceraciones.<\/li>\n<li>Lesiones UPP, UPD, UV.<\/li>\n<li>Heridas seg\u00fan VACAB (valoraci\u00f3n carga bacteriana de la FINDH) con colonizaci\u00f3n baja o critica, sin exudaci\u00f3n o con exudaci\u00f3n m\u00ednima.<\/li>\n<li>Ayuda a promover la cicatrizaci\u00f3n h\u00fameda en heridas y quemaduras dif\u00edciles<\/li>\n<li>Ayuda en el desbridamiento autol\u00edtico<\/li>\n<\/ul>\n<hr \/>\n<p><strong>Modo De Uso \/ Aplicaci\u00f3n<\/strong><\/p>\n<p>Enjuague la herida con Limpiador de heridas y seque suavemente la piel que rodea el lugar de la herida. Para aplicarlo, abra la bolsa, note que est\u00e1 protegido por 2 l\u00e1minas pl\u00e1sticas, recorte lo que va a usar y retire el ap\u00f3sito Honey Gauze. Aplique un ap\u00f3sito secundario y luego el vendaje de cobertura.<\/p>\n<hr \/>\n<p><strong>Frecuencia De Eliminaci\u00f3n Y Cambio<\/strong><\/p>\n<p>C\u00e1mbielo entre 24 a 48hrs, o si el ap\u00f3sito secundario se encuentra h\u00famedo c\u00e1mbielo de inmediato.<\/p>\n","protected":false},"excerpt":{"rendered":"<p>Ap\u00f3sito Tull de miel 5 X 5 est\u00e9ril, embebido en miel de Manuka<\/p>\n","protected":false},"featured_media":2002,"template":"","meta":[],"product_brand":[],"product_cat":[20],"product_tag":[22],"class_list":{"0":"post-1039","1":"product","2":"type-product","3":"status-publish","4":"has-post-thumbnail","6":"product_cat-apositos-de-miel-manuka","7":"product_tag-tull-de-miel","9":"first","10":"instock","11":"shipping-taxable","12":"purchasable","13":"product-type-simple"},"_links":{"self":[{"href":"https:\/\/qgmedizin.cl\/index.php?rest_route=\/wp\/v2\/product\/1039","targetHints":{"allow":["GET"]}}],"collection":[{"href":"https:\/\/qgmedizin.cl\/index.php?rest_route=\/wp\/v2\/product"}],"about":[{"href":"https:\/\/qgmedizin.cl\/index.php?rest_route=\/wp\/v2\/types\/product"}],"version-history":[{"count":4,"href":"https:\/\/qgmedizin.cl\/index.php?rest_route=\/wp\/v2\/product\/1039\/revisions"}],"predecessor-version":[{"id":1794,"href":"https:\/\/qgmedizin.cl\/index.php?rest_route=\/wp\/v2\/product\/1039\/revisions\/1794"}],"wp:featuredmedia":[{"embeddable":true,"href":"https:\/\/qgmedizin.cl\/index.php?rest_route=\/wp\/v2\/media\/2002"}],"wp:attachment":[{"href":"https:\/\/qgmedizin.cl\/index.php?rest_route=%2Fwp%2Fv2%2Fmedia&parent=1039"}],"wp:term":[{"taxonomy":"product_brand","embeddable":true,"href":"https:\/\/qgmedizin.cl\/index.php?rest_route=%2Fwp%2Fv2%2Fproduct_brand&post=1039"},{"taxonomy":"product_cat","embeddable":true,"href":"https:\/\/qgmedizin.cl\/index.php?rest_route=%2Fwp%2Fv2%2Fproduct_cat&post=1039"},{"taxonomy":"product_tag","embeddable":true,"href":"https:\/\/qgmedizin.cl\/index.php?rest_route=%2Fwp%2Fv2%2Fproduct_tag&post=1039"}],"curies":[{"name":"wp","href":"https:\/\/api.w.org\/{rel}","templated":true}]}}